1158 is divided by 7?
3
Calculate the remainder when 3838656 is divided by 1919317.
22
Calculate the remainder when 8098763 is divided by 75689.
40
What is the remainder when 10989973 is divided by 499?
496
What is the remainder when 7404327 is divided by 313?
312
Calculate the remainder when 180445 is divided by 43167.
7777
What is the remainder when 137544 is divided by 1227?
120
Calculate the remainder when 652147 is divided by 3067.
1943
What is the remainder when 801411 is divided by 17265?
7221
Calculate the remainder when 653216 is divided by 3533.
3144
What is the remainder when 30670131 is divided by 10223375?
6
Calculate the remainder when 5748687 is divided by 699.
111
What is the remainder when 28197 is divided by 9319?
240
Calculate the remainder when 512126 is divided by 11587.
2298
What is the remainder when 1110301 is divided by 3469?
221
What is the remainder when 5918 is divided by 2390?
1138
What is the remainder when 279458 is divided by 16438?
12
What is the remainder when 24970 is divided by 23?
15
Calculate the remainder when 199222500 is divided by 13.
9
Calculate the remainder when 27550 is divided by 2597.
1580
Calculate the remainder when 75361 is divided by 2877.
559
Calculate the remainder when 15582649 is divided by 39.
4
What is the remainder when 693167 is divided by 7617?
20
What is the remainder when 32555686 is divided by 971?
969
Calculate the remainder when 4497719 is divided by 23.
0
Calculate the remainder when 63971 is divided by 8677.
3232
Calculate the remainder when 671976 is divided by 11.
8
Calculate the remainder when 122225967 is divided by 11963.
11959
What is the remainder when 172409 is divided by 6?
5
Calculate the remainder when 606116 is divided by 7861.
819
Calculate the remainder when 399006 is divided by 36272.
14
What is the remainder when 3691566 is divided by 761?
716
Calculate the remainder when 60009 is divided by 1161.
798
Calculate the remainder when 27223412 is divided by 63755.
27
What is the remainder when 380633 is divided by 710?
73
What is the remainder when 8286961 is divided by 177?
175
What is the remainder when 89141 is divided by 44506?
129
What is the remainder when 982545 is divided by 711?
654
Calculate the remainder when 15001966 is divided by 341.
12
What is the remainder when 411269 is divided by 14659?
817
What is the remainder when 11019 is divided by 3456?
651
Calculate the remainder when 16400946 is divided by 27.
12
What is the remainder when 35528 is divided by 335?
18
What is the remainder when 782760 is divided by 1771?
1749
What is the remainder when 496096 is divided by 458?
82
What is the remainder when 16984490 is divided by 2037?
2021
Calculate the remainder when 336275 is divided by 888.
611
What is the remainder when 7699 is divided by 1863?
247
Calculate the remainder when 74943132 is divided by 535308.
12
What is the remainder when 888835 is divided by 150?
85
Calculate the remainder when 2418207 is divided by 1179.
78
What is the remainder when 49205 is divided by 5463?
38
Calculate the remainder when 1445576054 is divided by 77.
76
What is the remainder when 147290 is divided by 24538?
62
What is the remainder when 7180062 is divided by 47550?
12
Calculate the remainder when 62614122 is divided by 21.
18
What is the remainder when 748064 is divided by 6347?
5465
Calculate the remainder when 108309 is divided by 7552.
2581
What is the remainder when 16917448 is divided by 25?
23
What is the remainder when 412419 is divided by 103100?
19
What is the remainder when 7394197 is divided by 173?
4
What is the remainder when 19565873 is divided by 9251?
8
What is the remainder when 95906 is divided by 5030?
336
Calculate the remainder when 26108998 is divided by 13054496.
6
What is the remainder when 1154052 is divided by 3672?
1044
What is the remainder when 1357995 is divided by 452663?
6
What is the remainder when 1675408 is divided by 98545?
143
What is the remainder when 17684930 is divided by 2627?
2593
Calculate the remainder when 2182608 is divided by 120.
48
What is the remainder when 387472 is divided by 3588?
3556
Calculate the remainder when 686348 is divided by 540.
8
What is the remainder when 256052 is divided by 50927?
1417
What is the remainder when 979566 is divided by 9?
6
What is the remainder when 13323721 is divided by 57?
28
What is the remainder when 90147821 is divided by 512?
493
What is the remainder when 406329 is divided by 16253?
4
What is the remainder when 296881 is divided by 3906?
25
What is the remainder when 22266 is divided by 7145?
831
Calculate the remainder when 3902038 is divided by 40.
38
Calculate the remainder when 709854 is divided by 245.
89
What is the remainder when 3747298 is divided by 214?
158
What is the remainder when 3918296 is divided by 706?
702
What is the remainder when 578371 is divided by 207?
13
What is the remainder when 50248 is divided by 195?
133
What is the remainder when 10382322 is divided by 1437?
1434
What is the remainder when 22866462 is divided by 13074?
36
Calculate the remainder when 73075 is divided by 72851.
224
What is the remainder when 7936840 is divided by 920?
0
Calculate the remainder when 5017228 is divided by 1042.
1040
Calculate the remainder when 5232490 is divided by 875.
865
What is the remainder when 1834330 is divided by 43?
36
What is the remainder when 20325677 is divided by 109?
11
Calculate the remainder when 275032 is divided by 284.
120
Calculate the remainder when 72048 is divided by 1219.
127
What is the remainder when 507793 is divided by 485?
483
What is the remainder when 47697079 is divided by 85?
9
What is the remainder when 553400 is divided by 184443?
71
Calculate the remainder when 1573657 is divided by 551.
1
Calculate the remainder when 1820223 is divided by 113763.
15
What is the remainder when 1084439 is divided by 37394?
13
What is the remainder when 1735639 is divided by 247923?
178
What is the remainder when 25184 is divided by 126?
110
What is the remainder when 851633 is divided by 14680?
193
Calculate the remainder when 1026673 is divided by 50.
23
Calculate the remainder when 329459 is divided by 5583.
62
Calculate the remainder when 301432 is divided by 75352.
24
What is the remainder when 733149 is divided by 240?
189
Calculate the remainder when 8665109 is divided by 223.
221
What is the remainder when 32427649 is divided by 216184?
49
Calculate the remainder when 79169397 is divided by 6089952.
21
Calculate the remainder when 5222186 is divided by 36.
26
Calculate the remainder when 20006092 is divided by 6668696.
4
What is the remainder when 147492067 is divided by 5?
2
What is the remainder when 3970721 is divided by 5584?
497
Calculate the remainder when 1772340 is divided by 1126.
16
What is the remainder when 282431 is divided by 281954?
477
What is the remainder when 3305905 is divided by 286?
31
Calculate the remainder when 300738072 is divided by 1275.
1272
What is the remainder when 109884508 is divided by 1845?
1843
Calculate the remainder when 2214003 is divided by 92249.
27
What is the remainder when 9014932 is divided by 471?
463
What is the remainder when 104042 is divided by 34630?
152
What is the remainder when 23230566 is divided by 2451?
2439
What is the remainder when 67072 is divided by 55?
27
What is the remainder when 3866500 is divided by 52?
40
Calculate the remainder when 88565 is divided by 8857.
8852
Calculate the remainder when 410523 is divided by 184.
19
Calculate the remainder when 20375539 is divided by 6791821.
76
What is the remainder when 23249821 is divided by 2906221?
53
Calculate the remainder when 823696 is divided by 5561.
668
Calculate the remainder when 16682886 is divided by 3704.
70
What is the remainder when 225493 is divided by 598?
47
Calculate the remainder when 72058 is divided by 136.
114
What is the remainder when 5096176 is divided by 509614?
36
Calculate the remainder when 9445 is divided by 308.
205
Calculate the remainder when 3586328 is divided by 291.
44
What is the remainder when 806586 is divided by 403278?
30
Calculate the remainder when 1989992 is divided by 46.
32
Calculate the remainder when 4259292 is divided by 1336.
124
What is the remainder when 1191003 is divided